73
Suppose 0*s + 3708 = 4*s. Suppose -4*w + 49 = -s. Let p = 364 - w. What are the prime factors of p?
2, 3, 5
Suppose 0 = 4*k - 7*k, -3*s + k + 81 = 0. Let v(t) be the first derivative of t**3/3 - 19*t**2/2 - 3*t + 15. List the prime factors of v(s).
3, 71
What are the prime factors of (40823/(-4))/(1204/112 - 11)?
40823
Let c(n) be the third derivative of n**4/12 + 41*n**3/3 - n**2 - 6*n. Suppose -3*u - 5*g - 20 = -u, -4*g - 16 = -4*u. What are the prime factors of c(u)?
2, 41
Let d = -208 - -212. Suppose -3*n - d*c = -118, -4*n = -c + 5*c - 152. List the prime factors of n.
2, 17
Suppose 2*q = 4*z + 8518 - 49494, 5*z + 3*q - 51253 = 0. What are the prime factors of z?
10247
Let a be 4/18 + 7740/162. Let p(o) = 46*o + 2. Let x be p(3). Let t = x - a. What are the prime factors of t?
2, 23
Suppose -w = -5*j + 173364, 2*j + 8583 = -5*w + 77934. What are the prime factors of j?
34673
Let s(f) = f**2 - 647*f + 29481. List the prime factors of s(0).
3, 31, 317
Let f be 5/(18 + -3)*15. Suppose 7 - 2 = f*j, 988 = 5*l + 3*j. List the prime factors of l.
197
Let u be 3/5 - (-6 + 256/(-40)). Let y = 935 - u. What are the prime factors of y?
2, 461
Let o(x) = x**3 + x + 1. Let k be o(0). Let b(h) = 115*h**2 - 8*h + 5. Let g(a) = -2*a**2 + a. Let i(p) = b(p) + 2*g(p). List the prime factors of i(k).
2, 5, 11
Suppose 4*n - s = 61, -2*n = -3*s - 2*s - 17. Let i = n - 51. List the prime factors of (-3)/15 + (-1897)/i.
2, 3
Suppose -196*l + 198*l = 34. Suppose -7*k + 16152 = l*k. List the prime factors of k.
673
Let n(m) = 19*m**2 - 4*m + 3. Let l be n(2). Let f = 58 - l. List the prime factors of 66 + 1 - (f + 11).
3, 23
What are the prime factors of (-57336)/(3 + -11) + 9?
2, 3, 13, 23
Let q be (4 + (-18)/5)/(6/(-15)). Let h be (-1773)/27*(q + -2). What are the prime factors of 6/(-12) + 3/(-2) + h?
3, 5, 13
Let g be (-1274)/(-130) + -1 + (-1)/(-5). Suppose z + g = 4*z, -768 = -5*m - z. What are the prime factors of m?
3, 17
Let o = 835 + 3387. What are the prime factors of o?
2, 2111
Let j = -1836 - -4524. What are the prime factors of j?
2, 3, 7
Let w be 9 + (-2)/1 + -1. Suppose -w*b + 31*b = 1350. What are the prime factors of b?
2, 3
Let u = -54 - -350. Let b = u + -97. List the prime factors of b.
199
Let s = -90 + 724. Suppose -2*x - s - 157 = -k, -4*k = 4*x - 3212. What are the prime factors of k?
17, 47
Let n(u) = -u**3 - 4*u**2 + 7*u + 15. Let l be n(-7). Let d = 110 + l. Let c = d + -144. What are the prime factors of c?
79
Let g = -1997 + 3015. Let l = -47 + g. What are the prime factors of l?
971
Let k(i) = -101*i**3 - 395*i**3 - 437*i**3 - i - i**2. What are the prime factors of k(-1)?
3, 311
Let a = -23365 - -32974. List the prime factors of a.
3, 3203
Let l = -10 - -15. Let b be l/(-5) + (62 - -1). Let z = 241 - b. What are the prime factors of z?
179
Let d(b) = 137*b**2 - 8*b - 34. List the prime factors of d(-9).
5, 17, 131
Suppose -8*p = -0*p + 32645 - 148821. List the prime factors of p.
2, 53, 137
Let o = 267 - 89. Let v = o - 316. List the prime factors of -2 + 0 + 1 - v.
137
Suppose 16*v = 13*v - 18. Let g(q) = q**3 + 7*q**2 + 6*q - 2. Let n be g(v). What are the prime factors of (-4)/(-8)*316/((-4)/n)?
79
Let s be (-84)/(-8)*2*120/14. Let a = 191 - s. What are the prime factors of a?
11
Suppose 3*x - 4185 = 3*t, -3*x + 23*t - 25*t + 4175 = 0. What are the prime factors of x?
7, 199
Suppose -i + 182540 = 11*i - 2*i. List the prime factors of i.
2, 9127
Let h = -41 - -84. Let w = h - -27. Let z = w + -8. What are the prime factors of z?
2, 31
Let k(l) = -3*l**3 + 0*l**3 - 4*l + 0*l - 12*l**2 - 12 - 13*l. List the prime factors of k(-5).
2, 37
What are the prime factors of 9381/11 - 146/(-803)?
853
Let r be 3/((-10 + 4)/(-6)). Suppose 0*f - 20 = -5*f. Suppose -4*o + 31 = -f*c - 457, 4*o - 523 = -r*c. What are the prime factors of o?
127
Let h(j) = -2*j + 202. Suppose -6*t = 203 - 143. What are the prime factors of h(t)?
2, 3, 37
Let y(h) = -h**2 + 3*h - 1. Let x be y(-4). Let l(f) = -34*f**2 - 15*f - 29. Let k be l(-2). Let o = x - k. What are the prime factors of o?
2, 53
Let x = -4446 - -7836. Suppose -30*l + 25*l = -x. What are the prime factors of l?
2, 3, 113
Let l be 16 - 14 - (-345 + 1). Let a = l + -141. What are the prime factors of a?
5, 41
Let p = 61932 - 11895. List the prime factors of p.
3, 13, 1283
Suppose -c = 5*f - 60874, 70*f - 4*c - 73054 = 64*f. What are the prime factors of f?
5, 487
Suppose -2*m + 2*c + 4681 = -375, -5*m - 4*c + 12640 = 0. Suppose 5*s - q = 3160, 5*q = 14*s - 10*s - m. What are the prime factors of s?
2, 79
Let b(q) = 81*q - 452. Let h be b(8). Let y(n) = 128*n. Let u be y(1). Let p = h - u. What are the prime factors of p?
2, 17
Let a = -17 + 33. Suppose -7*k = -3*k + a. What are the prime factors of k/12 + 561/9?
2, 31
Suppose 0 = -4*l - 56 - 32. List the prime factors of (l/66)/((-2)/1812).
2, 151
List the prime factors of 708/1416*(2/4)/((-1)/(-101996)).
43, 593
Let y = -10570 + 21773. What are the prime factors of y?
17, 659
Let n be (-22)/((-3 - -2) + 2 - -1). Let q(d) = -16*d - 13. Let a be q(n). Let s = -39 + a. What are the prime factors of s?
2, 31
Suppose 0*u = 3*u - 4269. Let x = u - 974. Suppose 4*o - 2*i = 446, -i + 2*i + x = 4*o. What are the prime factors of o?
113
Let p = 163 - 164. List the prime factors of p/3 + 1324/12.
2, 5, 11
Suppose -o - m = 4*m + 15, 2*o - 2*m - 6 = 0. Let h be 12 + -13 - (o - 463). Suppose -3*x + 2*n = -8*x + h, 4*x - 372 = -n. List the prime factors of x.
2, 47
Let b(m) = 254*m**2 + 19*m - 37. Let t be b(4). Suppose 4*o + 2738 = 2*z, -4*z + 4*o + t = -z. What are the prime factors of z?
3, 5, 7, 13
Let m(t) = t**2 + t - 30. Let u(q) = -q**2 - 2*q + 32. Let c(d) = 6*m(d) + 5*u(d). List the prime factors of c(15).
5, 29
Let x be 1311 - ((-6)/(-2) + -1). Let f = 907 - x. What are the prime factors of f/(-7) + 6/(-14)?
3, 19
Let t(p) = -21*p - 10. Let a(n) = -2*n - 1. Let c(x) = 44*a(x) - 4*t(x). Let z be c(-2). Suppose -3*u + 973 = z*u. List the prime factors of u.
139
Let q be (-1)/2 - (-1 + (-6765)/(-10)). Let t = -393 - q. List the prime factors of t.
283
Let q be (-140)/(-210)*(-7650)/(-4). Let j = 258 + q. What are the prime factors of j?
3, 7, 73
Suppose -43088 - 44487 = -25*y. What are the prime factors of y?
31, 113
Suppose -25*n + 29*n = 20. Suppose -n*j - 3*o = -3085, -2*j - 2*j + 2*o = -2468. What are the prime factors of j?
617
Let a(g) = 9*g + 74 + 58 + 3*g - 9*g. What are the prime factors of a(25)?
3, 23
Suppose 2*h = 3*g - 13, 0 = 4*h + 2*g + 12 + 6. Let j(t) = -9*t**3 - 3*t**2 + 8*t - 11. List the prime factors of j(h).
3, 37
Suppose 5*l + 2*x - 22618 = 125708, 0 = -2*l - 4*x + 59340. What are the prime factors of l?
2, 3, 103
Let u = 4203 - -1485. Suppose -19*m + 3261 = -u. List the prime factors of m.
3, 157
Suppose -5*g + 4*q - 618 = 0, 4*g + 8*q + 519 = 3*q. Let n = 343 + g. List the prime factors of n.
7, 31
Suppose -2*u + 24541 = 4*t + 1741, -4*t = -2*u - 22816. List the prime factors of t.
2, 2851
Let d be (5 + -5)/(-1 + 4). Let u be d/((6/3)/(2 - 0)). Suppose -g + q + 191 = u, -3*g - 78 = -q - 659. List the prime factors of g.
3, 5, 13
Let h = -186 - -264. Suppose -8*k + 414 = h. List the prime factors of k.
2, 3, 7
Let o = 942 - 386. Let i = 302 + o. Suppose y = -5*s - 3*y + i, -3*s = -y - 508. What are the prime factors of s?
2, 5, 17
Suppose -o = 2*c - 487, 29*c = 4*o + 23*c - 1906. List the prime factors of o.
13, 37
Suppose -66*k + 75*k - 449073 = 0. Suppose -36*c = 5*c - k. List the prime factors of c.
1217
Suppose -2*l + 16 - 8 = 0. Suppose 2*h + 895 + 269 = l*a, -5*a + 4*h + 1455 = 0. Suppose 4*m - 61 = a. What are the prime factors of m?
2, 11
Let a = 21868 + 314. List the prime factors of a.
2, 3, 3697
Let f(q) = -62*q + 64. Let z = 32 + -42. Let i be f(z). Let b = -396 + i. What are the prime factors of b?
2, 3
Suppose -746*x = -780*x + 69428. What are the prime factors of x?
2, 1021
Suppose 97*a = 95*a - 3594. What are the prime factors of -2*(-2)/3*a/(-4)?
599
Let v(n) = n**3 - 115*n**2 + 2431*n - 116. List the prime factors of v(94).
2, 31, 691
Let o(f) = -179*f + 232. Let b be o(17). Let r = b - -3948. List the prime factors of r.
3, 379
Suppose 5*n - f - 27743 = 0, -38449 - 399 = -7*n + 4*f. List the prime facto